 j(l) = l - 14. Let a be j(6). Determine z(a).
-17
Let z(k) = -4*k - 3*k**2 + 8 - 2*k - 3*k**3 + 4*k**3 - 3. Give z(4).
-3
Let y(s) = -4*s**2 - 14 - 11 + 2*s**3 - s**3 - 6 + 28. Suppose 15 = -0*a + 5*a. Determine y(a).
-12
Let w(x) = -x**2 + 16*x + 10. Let g = -314 - -330. Determine w(g).
10
Let v(q) be the first derivative of -4*q**2 - 11*q + 336. Give v(-5).
29
Let k = 8 + -12. Let b(m) = -m - 1. Let v be b(k). Let i(t) = -5*t**2 - 6*t + 2 + 2*t**3 - 4*t**v + 3*t**3 + 0*t**3. Calculate i(6).
2
Let d(k) = -k**3 - 4*k**2 + 5*k - 1. Suppose 3*l - 20 = 5*l. Let m = l + 16. Suppose f + 11 = m. Determine d(f).
-1
Let n(p) be the first derivative of p**4/4 + 5*p**3/3 + 2*p**2 - 161. Give n(-5).
-20
Let z(m) = -m**2 + 4*m + 7. Suppose n + 5 = 0, -g + 2*n + 22 = -2*n. Let x be g - -1 - 4/(-2). Let l be z(x). Let u(i) = -i**2 + i - 1. Determine u(l).
-3
Let g(c) = -c**3 - c**2 + 24. Suppose 21*l = 11*l. Calculate g(l).
24
Let a(m) = m**2 + 8*m + 9. Suppose -48 = -10*q + 6*q. Suppose 0 = -4*b - 16 - q. Calculate a(b).
2
Let m(h) = 2*h - 20. Let g be m(10). Let l(q) = q**2 + 8*q + 2 + 2*q + 2 + g. What is l(-10)?
4
Let u be (1 + 0)*(-10)/2. Let q(b) be the third derivative of b**6/120 + b**5/12 - b**4/24 - 7*b**3/6 + 11*b**2 + 137*b. Give q(u).
-2
Let o(q) = q**3 + 11*q**2 - 13*q - 17. Let k(j) = j**3 - 6*j**2 + 6*j - 48. Let a be k(6). What is o(a)?
-5
Let f(q) = 1287*q**2 - 1288*q**2 - 3*q + 4*q + 0*q + 1. Let w(g) = -g**2 - 6*g - 3. Let s be w(-6). What is f(s)?
-11
Suppose -2 = -5*w + 2*y, 11*w - 12*w - 18 = -5*y. Let x(l) be the second derivative of l**5/20 - l**4/4 + l**2/2 - l. What is x(w)?
-3
Let c(j) = 2*j**3 - 5*j**2 + 2*j - 1. Let m(z) = -z**2 + 19*z - 11. Let o be m(15). Suppose -o = 3*w - 58. Calculate c(w).
14
Let z be 168/70*(7/3 - -1). Let k(m) = 5*m - 12. Calculate k(z).
28
Let k(v) = -v**2 + 7*v + 5. Suppose 4*z = 21 + 31. Suppose -3*y - 7 = -3*u + 2, u + y - z = 0. What is k(u)?
-3
Let y(w) = w**3 + 9*w**2 + 12*w + 8. Let b be -4 + 10/5 + (-6)/1. Calculate y(b).
-24
Let h = 3 - 2. Let z(m) = 5*m**3 + 7*m**2 + 9*m - 9. Let y(g) = -g + g + 4 - 3*g**3 - 3*g**2 - 4*g. Let s(k) = -9*y(k) - 4*z(k). Determine s(h).
6
Let l(y) be the third derivative of -y**5/60 + y**4/3 - 5*y**3/6 + 35*y**2 - 2*y. Give l(6).
7
Suppose -3*x - 4 = 23. Let c = -4 - x. Let t be (c + (-1 - 0))/2. Let q(w) = w**3 - 3*w**2 + w + 1. Give q(t).
-1
Let r be (-69)/12 - 2/((-24)/9). Let l(n) = 3*n - 2. Let q = 19 - 8. Let y(v) = v - 1. Let b(g) = q*y(g) - 4*l(g). What is b(r)?
2
Suppose 0 = 3*y - 3*v - 15, 4*y - 80 + 56 = 2*v. Let u(i) = i**3 - 8*i**2 + 7*i + 5. Calculate u(y).
5
Suppose -55*d + 106*d = 51. Let l(u) = 2*u**2 - 3*u - 2. Let a(w) = 4*w**2 - 7*w - 5. Let x be (-12 + 2)*1/(-2). Let r(p) = x*l(p) - 2*a(p). Calculate r(d).
1
Let r(y) = -119*y - 128*y + 17 + 248*y. Determine r(0).
17
Let l(t) be the third derivative of -t**5/60 - 11*t**4/24 - 3*t**3/2 + 17*t**2 + 3. Give l(-6).
21
Let y(p) be the second derivative of -5*p**3/6 - 3*p**2/2 + 139*p. What is y(-8)?
37
Let c(o) = 1. Let q(l) = 2*l**2 + 3*l - 5. Let p(v) = 4*c(v) + q(v). Let y be 11*3/9 - (-4)/(-6). Let w be (3 - 2)*-1 + y. What is p(w)?
13
Let g(m) = -m**2 - 10*m - 2. Let a be g(-9). Let q(z) = z**3 - 8*z**2 + 4*z + 9. Determine q(a).
-12
Suppose -12*w - 31*w = 387. Let s(r) = r**2 + 11*r + 22. Determine s(w).
4
Let r(d) = 5*d - 4. Suppose -4*g = -0 - 12. Let x be (-12)/3 + g - -17. Let o = 20 - x. Give r(o).
16
Let m(i) = i**3 + 8*i**2 + 8*i + 2. Let c(y) = -y**2 + 0*y**2 + 4*y**3 - 7*y**3 - 3*y**3. Let u be c(1). What is m(u)?
-5
Let x be 24/(-4)*(4/2 - 1). Let i(o) = 3*o**2 + 4*o - 6. Let n = 1 - -1. Let j(s) = -4*s**2 - 4*s + 5. Let b(g) = n*j(g) + 3*i(g). Calculate b(x).
4
Let t(z) = -z**2 + z - 10 + 4 - 5*z. Let q(p) = 38*p + 338. Let b be q(-9). Determine t(b).
-6
Suppose -228 + 222 = -3*r. Let j(v) be the first derivative of 1/4*v**4 + 2*v**r + 7 + 4/3*v**3 + 2*v. Determine j(-3).
-1
Let p(k) = -4*k**2 - 2*k + 8. Let m = 1944 - 1942. Give p(m).
-12
Let t(p) be the third derivative of 3*p**4/8 + p**3/6 + 7*p**2 - 1. Determine t(1).
10
Suppose -4*v = -31 - 1. Let d(s) = -24 - s**2 + 58 - 33 + 7*s. Determine d(v).
-7
Suppose -2*a - 6 = 0, 1 = -5*r - 3*a - 3. Let x(q) = -3. Let t(j) = -j + 1. Let u(y) = r*x(y) - t(y). What is u(7)?
3
Let v(t) = 2*t + 11. Let q = -4 - -9. Suppose -o - 23 = q*z, -28 = 5*o - 3*o + 4*z. Calculate v(o).
-5
Suppose -4*j + 0*j = -q - 9, 4*q + 21 = j. Let v be j/8*(-128)/(-16). Let c(n) = 4*n. What is c(v)?
4
Let m(t) = -7*t**2 + 20*t - 2. Let f(d) = -3*d**2 + 8*d - 1. Let p(h) = -5*f(h) + 2*m(h). What is p(2)?
5
Let i be (-793)/(-156) + (-5 - 0/1). Let j(v) be the second derivative of v + i*v**4 + 0*v**3 + 7/2*v**2 + 0. What is j(0)?
7
Let c be 2/(-5) + 88/20. Let w(k) be the third derivative of 2/3*k**3 + 2*k**2 - 1/4*k**c + 0 + 0*k + 1/60*k**5. Calculate w(6).
4
Suppose 86*v - 89*v = -3. Let s(y) = 7*y + v - 17*y + 9*y. Determine s(0).
1
Let o be (-3 + 37/5)*5. Suppose o = -2*t + 8. Let f(r) = -r**3 - 6*r**2 + 7*r - 2. Calculate f(t).
-2
Suppose 4*w - 8*w = -32. Let q(r) = -r**3 + 9*r**2 - 10*r + 8. Give q(w).
-8
Let a(d) = -7*d - 10. Let h be a(-2). Let q(y) = y + 5. Determine q(h).
9
Let y(n) = 0 - 10 + 2 + 2 + 3*n + n**3 + 8 - n**2. Calculate y(-3).
-43
Let d be 8/(4 - 2)*-1. Let k(n) = -n - 8. Let g be k(-8). Let l = d + g. Let i(j) = -j. Calculate i(l).
4
Let w(u) = -10*u**2 - u - 1. Let d = -20 - -19. Let a(n) be the second derivative of -n**4/12 - n**2/2 + 4*n. Let x(v) = d*w(v) + 2*a(v). Determine x(1).
8
Let z(j) = 2*j**2. Let w = -23 - -29. Suppose -m - 5*m = -w. Calculate z(m).
2
Let o(b) be the second derivative of -b**5/20 - b**4/3 + 4*b**3/3 + 5*b**2/2 - 8*b + 18. Calculate o(-5).
-10
Let a(x) be the second derivative of x**4/4 + 5*x**3/6 - 3*x**2/2 + 83*x. What is a(-4)?
25
Suppose 0 = -7*p + 6*p + 3. Let y(l) = 1 + 5*l**p - 5*l**3 + l**3 + 3*l + l**2. Calculate y(-2).
-9
Let v(c) be the first derivative of c**2/2 + c - 159. Let q(s) = -s**2 + 6*s + 6. Let n be q(6). Let l be (-3)/((-2)/(n/3)). Determine v(l).
4
Let j(y) be the first derivative of -2*y**3/3 + 2*y**2 - 2*y - 4. Suppose -246*o - 9 = -249*o. What is j(o)?
-8
Let r(i) = 2*i**2 + 4*i. Let w be r(-3). Suppose v = 0, -5*m + w*v = 3*v. Let k(o) = o**3 - o**2 - o + 5. Give k(m).
5
Let r(d) be the second derivative of -d**6/120 - d**5/15 + d**4/24 - 5*d**2/2 + 7*d. Let w(q) be the first derivative of r(q). Determine w(-4).
-4
Let x(l) = 5*l**2 + 21*l + 41. Let q(p) = -3*p**2 - 14*p - 27. Let b(z) = -8*q(z) - 5*x(z). Let k(j) = 6*j + 20. Let o be k(-2). Determine b(o).
3
Let f(m) = -1. Let i(j) = -23*j**2 + 14*j + 9. Let g(y) = -12*y**2 + 8*y + 5. Let h(p) = 11*g(p) - 6*i(p). Let l(b) = 4*f(b) + h(b). Determine l(2).
29
Suppose -4*m - 4*g - 15 = -43, 0 = 2*m + 5*g - 8. Let t(q) = -21 + 9 + q**2 - 3*q + 4 + m. Let v = -2 + 6. What is t(v)?
5
Suppose -36*l = -12*l + 288. Let m(q) = -q**2 - 13*q - 11. Determine m(l).
1
Let l(d) = -2*d + 84. Let g(s) = -s + 63. Let j(y) = -3*g(y) + 2*l(y). Determine j(-13).
-8
Let c(h) be the first derivative of -17*h**2/2 - 2*h - 346. Give c(1).
-19
Let n(k) = 7 + 10 + 22 + 7*k + 11 - 52. Calculate n(6).
40
Let o(l) = 15*l - 1. Let g be o(1). Suppose g + 14 = -4*p. Let a(w) = -w**2 - 9*w - 10. What is a(p)?
4
Let i(z) be the first derivative of -z**4/4 + 4*z**3/3 + 3*z**2 + 7*z + 114. Suppose -5*m + 3 = -22. Calculate i(m).
12
Suppose 0 = 2*i - 4*k - 6, 0 = 5*i - 8*k + 12*k - 29. Suppose 3*g + 3*o = -15, g - i*o = 4*g + 23. Let b(r) = -3*r**3 - 1. Give b(g).
2
Suppose 5*n + 23*c = 18*c + 20, -2*c = -5*n + 55. Let d(z) = 2*z**2 - 12*z - 12. What is d(n)?
42
Let u(c) be the third derivative of c**5/60 - 7*c**4/12 - 5*c**3 - 390*c**2. Calculate u(16).
2
Let a(u) be the second derivative of u**4/12 - 7*u**3/6 - u**2 - 5*u. Let i be a(8). Let m(h) = -i + 1 + h + 1. Give m(5).
1
Let s = -22 + 28. Suppose d - 3*d = -s. Let f(h) = h**2 + 2*h + 2. Determine f(d).
17
Let r(u) = 2*u**2 - 5*u - 4. Let g(i) = 4*i. Let c(x) = -5*x. Let z(a) = 3*c(a) + 4*g(a). Let j be z(-8). Let v = 12 + j. Determine r(v).
8
Let f = 72 - 51. Let d = -23 + f. Let h(w) be the second derivative of w**4/12 - w**3/6 - w. Calculate h(d).
6
Let g = -16 - -26. Let d(j) = -2*j - g*j + j**3 + 9*j + 